{"id":694,"date":"2014-06-03T20:34:49","date_gmt":"2014-06-03T19:34:49","guid":{"rendered":"http:\/\/web.ipca.pt\/cvbarcelos\/?page_id=694"},"modified":"2015-02-02T21:41:10","modified_gmt":"2015-02-02T21:41:10","slug":"acoes","status":"publish","type":"page","link":"https:\/\/web.ipca.pt\/cvbarcelos\/acoes\/","title":{"rendered":"A\u00e7\u00f5es"},"content":{"rendered":"<p align=\"justify\"><b>Ac\u00f5es de Voluntariado que se pode integrar:<\/b><\/p>\n<ul>\n<li>Campanhas de Recolha de Alimentos, em supermercados e outros estabelecimentos.<\/li>\n<\/ul>\n<p align=\"justify\">\n<ul>\n<li>Campanha de Recolha de Bens Essenciais ao beb\u00e9, em supermercados e outros estabelecimentos.<\/li>\n<\/ul>\n<p align=\"justify\">\n<ul>\n<li>Campanha do Embrulho &#8211; Miss\u00e3o Sorriso (\u00e9poca natal\u00edcia).<\/li>\n<\/ul>\n<p align=\"justify\">\n<ul>\n<li>Campanha de Recolha do Brinquedo (\u00e9poca natal\u00edcia).<\/li>\n<\/ul>\n<p align=\"justify\">\n<ul>\n<li>Recolha de Material Escolar.<\/li>\n<\/ul>\n<p align=\"justify\">\n<ul>\n<li>Recolha de Tampinhas e Jornais.<\/li>\n<\/ul>\n<p align=\"justify\">\n<ul>\n<li>Triagem\/acondicionamento de donativos (vestu\u00e1rio, cal\u00e7ado, brinquedos, tampinhas e jornais, etc).<\/li>\n<\/ul>\n<p align=\"justify\">\n<ul>\n<li>Organiza\u00e7\u00e3o e limpeza dos equipamentos do Banco de Ajudas T\u00e9cnicas (cadeiras de rodas, canadianas, camas articuladas, etc).<\/li>\n<\/ul>\n<p align=\"justify\">\n<ul>\n<li>Colabora\u00e7\u00e3o em Rastreios de Sa\u00fade (podologia, vis\u00e3o, etc).<\/li>\n<\/ul>\n<p align=\"justify\">\n<ul>\n<li>Atividades de recupera\u00e7\u00e3o e manuten\u00e7\u00e3o de espa\u00e7os habitacionais ou outros (ex: pintura de uma casa ou compartimento, transporte de donativos, restaurar mob\u00edlia).<\/li>\n<\/ul>\n<p align=\"justify\">\n<ul>\n<li>Integra\u00e7\u00e3o nas equipas de visitas de apoio domicili\u00e1rio &#8211; Projeto ASDI.<\/li>\n<\/ul>\n","protected":false},"excerpt":{"rendered":"<p>Ac\u00f5es de Voluntariado que se pode integrar: Campanhas de Recolha de Alimentos, em supermercados e outros estabelecimentos. Campanha de Recolha de Bens Essenciais ao beb\u00e9, em supermercados e outros estabelecimentos. Campanha do Embrulho &#8211; Miss\u00e3o Sorriso (\u00e9poca natal\u00edcia). Campanha de Recolha do Brinquedo (\u00e9poca natal\u00edcia). Recolha de Material Escolar. Recolha de Tampinhas e Jornais. Triagem\/acondicionamento [&hellip;]<\/p>\n","protected":false},"author":1,"featured_media":0,"parent":0,"menu_order":0,"comment_status":"closed","ping_status":"closed","template":"","meta":[],"_links":{"self":[{"href":"https:\/\/web.ipca.pt\/cvbarcelos\/wp-json\/wp\/v2\/pages\/694"}],"collection":[{"href":"https:\/\/web.ipca.pt\/cvbarcelos\/wp-json\/wp\/v2\/pages"}],"about":[{"href":"https:\/\/web.ipca.pt\/cvbarcelos\/wp-json\/wp\/v2\/types\/page"}],"author":[{"embeddable":true,"href":"https:\/\/web.ipca.pt\/cvbarcelos\/wp-json\/wp\/v2\/users\/1"}],"replies":[{"embeddable":true,"href":"https:\/\/web.ipca.pt\/cvbarcelos\/wp-json\/wp\/v2\/comments?post=694"}],"version-history":[{"count":5,"href":"https:\/\/web.ipca.pt\/cvbarcelos\/wp-json\/wp\/v2\/pages\/694\/revisions"}],"predecessor-version":[{"id":7872,"href":"https:\/\/web.ipca.pt\/cvbarcelos\/wp-json\/wp\/v2\/pages\/694\/revisions\/7872"}],"wp:attachment":[{"href":"https:\/\/web.ipca.pt\/cvbarcelos\/wp-json\/wp\/v2\/media?parent=694"}],"curies":[{"name":"wp","href":"https:\/\/api.w.org\/{rel}","templated":true}]}}