{"id":417,"date":"2014-05-13T16:55:19","date_gmt":"2014-05-13T15:55:19","guid":{"rendered":"http:\/\/web.ipca.pt\/cvbarcelos\/?page_id=417"},"modified":"2014-06-15T23:06:11","modified_gmt":"2014-06-15T22:06:11","slug":"perfil-voluntario-2","status":"publish","type":"page","link":"https:\/\/web.ipca.pt\/cvbarcelos\/perfil-voluntario-2\/","title":{"rendered":"Perfil Volunt\u00e1rio"},"content":{"rendered":"<table>\n<tbody>\n<tr>\n<td valign=\"top\">S\u00e3o sete os princ\u00edpios b\u00e1sicos nos quais assenta o perfil do volunt\u00e1rio da Cruz Vermelha:<\/p>\n<ul>\n<li><strong>Participativo<\/strong>\u00a0&#8211; concretizado atrav\u00e9s das diferentes actividades e nos \u00f3rg\u00e3os pr\u00f3prios da Institui\u00e7\u00e3o.<\/li>\n<\/ul>\n<ul>\n<li><strong>Comprometido<\/strong>\u00a0com todos, em especial com os mais vulner\u00e1veis.<\/li>\n<\/ul>\n<ul>\n<li><strong>Capacitado\/Formado<\/strong>\u00a0&#8211; o volunt\u00e1rio deve ter uma forma\u00e7\u00e3o espec\u00edfica para a actividade que desenvolve.<\/li>\n<\/ul>\n<ul>\n<li><strong>Motivado<\/strong>\u00a0&#8211; fundamental para a continuidade do Voluntariado, sup\u00f5e uma especial aten\u00e7\u00e3o \u00e0s expectativas e necessidades do volunt\u00e1rio, bem como um acompanhamento da sua ac\u00e7\u00e3o.<\/li>\n<\/ul>\n<ul>\n<li><strong>Dispon\u00edvel\u00a0<\/strong>para as tarefas que se prop\u00f5e, bem como no tempo dado \u00e0 forma\u00e7\u00e3o e participa\u00e7\u00e3o.<\/li>\n<\/ul>\n<ul>\n<li><strong>Polivalente<\/strong>\u00a0&#8211; a participa\u00e7\u00e3o deve ser diversificada a n\u00edvel do campo de ac\u00e7\u00e3o, rentabilizando ao m\u00e1ximo os recursos.<\/li>\n<\/ul>\n<ul>\n<li><strong>Cooperativo<\/strong>\u00a0&#8211; ser capaz de trabalhar em equipa \u00e9 fundamental para o desenvolvimento dos objectivos a que se prop\u00f5e a Institui\u00e7\u00e3o.<\/li>\n<\/ul>\n<\/td>\n<\/tr>\n<\/tbody>\n<\/table>\n<p>&nbsp;<\/p>\n","protected":false},"excerpt":{"rendered":"<p>S\u00e3o sete os princ\u00edpios b\u00e1sicos nos quais assenta o perfil do volunt\u00e1rio da Cruz Vermelha: Participativo\u00a0&#8211; concretizado atrav\u00e9s das diferentes actividades e nos \u00f3rg\u00e3os pr\u00f3prios da Institui\u00e7\u00e3o. Comprometido\u00a0com todos, em especial com os mais vulner\u00e1veis. Capacitado\/Formado\u00a0&#8211; o volunt\u00e1rio deve ter uma forma\u00e7\u00e3o espec\u00edfica para a actividade que desenvolve. Motivado\u00a0&#8211; fundamental para a continuidade do Voluntariado, [&hellip;]<\/p>\n","protected":false},"author":1,"featured_media":0,"parent":0,"menu_order":0,"comment_status":"closed","ping_status":"closed","template":"","meta":[],"_links":{"self":[{"href":"https:\/\/web.ipca.pt\/cvbarcelos\/wp-json\/wp\/v2\/pages\/417"}],"collection":[{"href":"https:\/\/web.ipca.pt\/cvbarcelos\/wp-json\/wp\/v2\/pages"}],"about":[{"href":"https:\/\/web.ipca.pt\/cvbarcelos\/wp-json\/wp\/v2\/types\/page"}],"author":[{"embeddable":true,"href":"https:\/\/web.ipca.pt\/cvbarcelos\/wp-json\/wp\/v2\/users\/1"}],"replies":[{"embeddable":true,"href":"https:\/\/web.ipca.pt\/cvbarcelos\/wp-json\/wp\/v2\/comments?post=417"}],"version-history":[{"count":4,"href":"https:\/\/web.ipca.pt\/cvbarcelos\/wp-json\/wp\/v2\/pages\/417\/revisions"}],"predecessor-version":[{"id":690,"href":"https:\/\/web.ipca.pt\/cvbarcelos\/wp-json\/wp\/v2\/pages\/417\/revisions\/690"}],"wp:attachment":[{"href":"https:\/\/web.ipca.pt\/cvbarcelos\/wp-json\/wp\/v2\/media?parent=417"}],"curies":[{"name":"wp","href":"https:\/\/api.w.org\/{rel}","templated":true}]}}