{"id":370,"date":"2014-05-13T16:03:53","date_gmt":"2014-05-13T15:03:53","guid":{"rendered":"http:\/\/web.ipca.pt\/cvbarcelos\/?page_id=370"},"modified":"2015-02-02T21:07:44","modified_gmt":"2015-02-02T21:07:44","slug":"loja-solidaria-galinho-social","status":"publish","type":"page","link":"https:\/\/web.ipca.pt\/cvbarcelos\/loja-solidaria-galinho-social\/","title":{"rendered":"Loja Solid\u00e1ria \u201cGALINHO SOCIAL\u201d"},"content":{"rendered":"<p><img loading=\"lazy\" class=\"wp-image-393 alignleft\" style=\"border: none;\" alt=\"Imagem5\" src=\"http:\/\/web.ipca.pt\/cvbarcelos\/wp-content\/uploads\/2014\/05\/5.png\" width=\"300\" height=\"350\" \/><\/p>\n<p style=\"text-align: justify;\">Abriu as suas portas em Dezembro de 2012. A institui\u00e7\u00e3o via-se a receber donativos de toda a esp\u00e9cie (loi\u00e7as, olarias, cintos, etc.) que n\u00e3o eram adaptados \u00e0s necessidades e car\u00eancias apresentadas pela popula\u00e7\u00e3o alvo. N\u00e3o sendo poss\u00edveis\u00a0de distribuir fazia todo o sentido utiliz\u00e1-los de forma correta e transform\u00e1-los em donativos monet\u00e1rios aplicados\u00a0\u00e0 compra de bens essenciais aos nossos benefici\u00e1rios (ex. fraldas, papas, toalhetes).\u00a0A loja encontra-se ao encargo\u00a0de\u00a0duas\u00a0volunt\u00e1rias que asseguram o seu funcionamento\u00a0e abertura tr\u00eas vezes por semana.\u00a0Os produtos\u00a0s\u00e3o vendidos a\u00a0pre\u00e7os meramente\u00a0simb\u00f3licos.\u00a0A loja serve ainda de montra e venda\u00a0aos trabalhos\u00a0manuais feitos por um grupo de\u00a0volunt\u00e1rias\u00a0da nossa institui\u00e7\u00e3o, que \u00e0 v\u00e1rios anos\u00a0criam e\u00a0produzem produtos feitos de forma artesanal\u00a0(quadros em\u00a0ponto de cruz, caixas de costura\u00a0forradas a tecidos, etc.).\u00a0As vendas neste\u00a0estabelecimento solid\u00e1rio\u00a0devem-se maioritariamente\u00a0aos donativos\u00a0realizados por empresas\u00a0que por excedentes\u00a0de stocks e mercadoria n\u00e3o comercializada permitem\u00a0a sua sustentabilidade.<\/p>\n<p style=\"text-align: right;\"><a style=\"line-height: 1.5em;\" href=\"http:\/\/web.ipca.pt\/cvbarcelos\/galeria-loja-solidaria-galinho-social\"><span style=\"color: #ff0000; text-decoration: underline;\">Veja como trabalhamos!<\/span><\/a><\/p>\n","protected":false},"excerpt":{"rendered":"<p>Abriu as suas portas em Dezembro de 2012. A institui\u00e7\u00e3o via-se a receber donativos de toda a esp\u00e9cie (loi\u00e7as, olarias, cintos, etc.) que n\u00e3o eram adaptados \u00e0s necessidades e car\u00eancias apresentadas pela popula\u00e7\u00e3o alvo. N\u00e3o sendo poss\u00edveis\u00a0de distribuir fazia todo o sentido utiliz\u00e1-los de forma correta e transform\u00e1-los em donativos monet\u00e1rios aplicados\u00a0\u00e0 compra de bens [&hellip;]<\/p>\n","protected":false},"author":1,"featured_media":0,"parent":0,"menu_order":0,"comment_status":"closed","ping_status":"closed","template":"","meta":[],"_links":{"self":[{"href":"https:\/\/web.ipca.pt\/cvbarcelos\/wp-json\/wp\/v2\/pages\/370"}],"collection":[{"href":"https:\/\/web.ipca.pt\/cvbarcelos\/wp-json\/wp\/v2\/pages"}],"about":[{"href":"https:\/\/web.ipca.pt\/cvbarcelos\/wp-json\/wp\/v2\/types\/page"}],"author":[{"embeddable":true,"href":"https:\/\/web.ipca.pt\/cvbarcelos\/wp-json\/wp\/v2\/users\/1"}],"replies":[{"embeddable":true,"href":"https:\/\/web.ipca.pt\/cvbarcelos\/wp-json\/wp\/v2\/comments?post=370"}],"version-history":[{"count":38,"href":"https:\/\/web.ipca.pt\/cvbarcelos\/wp-json\/wp\/v2\/pages\/370\/revisions"}],"predecessor-version":[{"id":7857,"href":"https:\/\/web.ipca.pt\/cvbarcelos\/wp-json\/wp\/v2\/pages\/370\/revisions\/7857"}],"wp:attachment":[{"href":"https:\/\/web.ipca.pt\/cvbarcelos\/wp-json\/wp\/v2\/media?parent=370"}],"curies":[{"name":"wp","href":"https:\/\/api.w.org\/{rel}","templated":true}]}}