{"id":366,"date":"2014-05-13T16:00:33","date_gmt":"2014-05-13T15:00:33","guid":{"rendered":"http:\/\/web.ipca.pt\/cvbarcelos\/?page_id=366"},"modified":"2015-02-02T21:02:44","modified_gmt":"2015-02-02T21:02:44","slug":"comsigo","status":"publish","type":"page","link":"https:\/\/web.ipca.pt\/cvbarcelos\/comsigo\/","title":{"rendered":"(COM)sigo"},"content":{"rendered":"<p><img loading=\"lazy\" class=\"wp-image-393 alignleft\" style=\"border: none;\" alt=\"Imagem5\" src=\"http:\/\/web.ipca.pt\/cvbarcelos\/wp-content\/uploads\/2014\/05\/Imagem5.jpg\" width=\"300\" height=\"350\" \/><\/p>\n<p style=\"text-align: justify;\">O Banco de Ajudas T\u00e9cnicas, disponibiliza e outros materiais facilitadores de mobilidade desde 2009 um vasto leque\u00a0de equipamentos e conforto, adaptados ao exerc\u00edcio e recupera\u00e7\u00e3o tempor\u00e1ria e definitiva de dependentes, destinado aos benefici\u00e1rios do Projeto ASDI e comunidade em geral, detentora de poucos recursos econ\u00f3micos. Esta resposta surgiu com a necessidade de complementar o ASDI disponibilizando aos seus benefici\u00e1rios o acesso a ajudas t\u00e9cnicas, que de outra forma se tornariam inacess\u00edveis dado o custo deste tipo de equipamentos. Possu\u00edmos camas articuladas,\u00a0colch\u00f5es anti escaras, andarilhos, canadianas, etc., estes s\u00e3o alugados por valores meramente simb\u00f3licos.\u00a0Atualmente, s\u00e3o cerca de 180 processos ativos.<\/p>\n<p style=\"text-align: right;\"><a style=\"line-height: 1.5em;\" href=\"http:\/\/web.ipca.pt\/cvbarcelos\/galeria-comsigo\"><span style=\"color: #ff0000; text-align: right; text-decoration: underline;\">Veja como trabalhamos!<\/span><\/a><\/p>\n","protected":false},"excerpt":{"rendered":"<p>O Banco de Ajudas T\u00e9cnicas, disponibiliza e outros materiais facilitadores de mobilidade desde 2009 um vasto leque\u00a0de equipamentos e conforto, adaptados ao exerc\u00edcio e recupera\u00e7\u00e3o tempor\u00e1ria e definitiva de dependentes, destinado aos benefici\u00e1rios do Projeto ASDI e comunidade em geral, detentora de poucos recursos econ\u00f3micos. Esta resposta surgiu com a necessidade de complementar o ASDI [&hellip;]<\/p>\n","protected":false},"author":1,"featured_media":0,"parent":0,"menu_order":0,"comment_status":"closed","ping_status":"closed","template":"","meta":[],"_links":{"self":[{"href":"https:\/\/web.ipca.pt\/cvbarcelos\/wp-json\/wp\/v2\/pages\/366"}],"collection":[{"href":"https:\/\/web.ipca.pt\/cvbarcelos\/wp-json\/wp\/v2\/pages"}],"about":[{"href":"https:\/\/web.ipca.pt\/cvbarcelos\/wp-json\/wp\/v2\/types\/page"}],"author":[{"embeddable":true,"href":"https:\/\/web.ipca.pt\/cvbarcelos\/wp-json\/wp\/v2\/users\/1"}],"replies":[{"embeddable":true,"href":"https:\/\/web.ipca.pt\/cvbarcelos\/wp-json\/wp\/v2\/comments?post=366"}],"version-history":[{"count":34,"href":"https:\/\/web.ipca.pt\/cvbarcelos\/wp-json\/wp\/v2\/pages\/366\/revisions"}],"predecessor-version":[{"id":7852,"href":"https:\/\/web.ipca.pt\/cvbarcelos\/wp-json\/wp\/v2\/pages\/366\/revisions\/7852"}],"wp:attachment":[{"href":"https:\/\/web.ipca.pt\/cvbarcelos\/wp-json\/wp\/v2\/media?parent=366"}],"curies":[{"name":"wp","href":"https:\/\/api.w.org\/{rel}","templated":true}]}}