{"id":35,"date":"2014-03-26T10:59:23","date_gmt":"2014-03-26T10:59:23","guid":{"rendered":"http:\/\/web.ipca.pt\/cvbarcelos\/?page_id=35"},"modified":"2014-06-29T23:35:27","modified_gmt":"2014-06-29T22:35:27","slug":"responsabilidades","status":"publish","type":"page","link":"https:\/\/web.ipca.pt\/cvbarcelos\/responsabilidades\/","title":{"rendered":"Responsabilidades"},"content":{"rendered":"<table>\n<tbody>\n<tr>\n<td valign=\"top\"><strong>Direitos<\/strong><\/p>\n<ul>\n<li>Ser \u00a0informado sobre os Princ\u00edpios Fundamentais da Cruz Vermelha, o C\u00f3digo de \u00c9tica, a filosofia do Voluntariado Cruz Vermelha\/Crescente Vermelho.<\/li>\n<\/ul>\n<ul>\n<li>Conhecer os objectivos, estrutura e funcionamento da Institui\u00e7\u00e3o.<\/li>\n<\/ul>\n<ul>\n<li>Receber informa\u00e7\u00e3o sobre os objectivos, dura\u00e7\u00e3o e lugar da actividade que vai realizar.<\/li>\n<\/ul>\n<ul>\n<li>Receber forma\u00e7\u00e3o inicial e cont\u00ednua.<\/li>\n<\/ul>\n<ul>\n<li>Aceder a uma tarefa espec\u00edfica e bem definida.<\/li>\n<\/ul>\n<ul>\n<li>Realizar a ac\u00e7\u00e3o volunt\u00e1ria de acordo com as suas capacidades, aptid\u00f5es e interesses.<\/li>\n<\/ul>\n<ul>\n<li>Respeitar o compromisso estabelecido com a Cruz Vermelha.<\/li>\n<\/ul>\n<ul>\n<li>Ser reconhecido pelo trabalho que desenvolve com acredita\u00e7\u00e3o e certifica\u00e7\u00e3o.<\/li>\n<\/ul>\n<ul>\n<li>Participar nas decis\u00f5es que dizem respeito ao seu trabalho.<\/li>\n<\/ul>\n<ul>\n<li>Integrar uma ap\u00f3lice de seguros de acidentes pessoais.<\/li>\n<\/ul>\n<p>&nbsp;<\/p>\n<p><strong>Deveres<\/strong><\/p>\n<ul>\n<li>Agir de acordo com os Princ\u00edpios Fundamentais do Movimento Internacional da Cruz Vermelha e do Crescente Vermelho e promover a sua difus\u00e3o.<\/li>\n<\/ul>\n<ul>\n<li>Familiarizar-se com o C\u00f3digo de \u00c9tica, os Princ\u00edpios Fundamentais, a filosofia do Voluntariado Cruz Vermelha\/Crescente Vermelho, as quatro Conven\u00e7\u00f5es de Genebra e os seus Protocolos Adicionais.<\/li>\n<\/ul>\n<ul>\n<li>Em caso de d\u00favida sobre a posi\u00e7\u00e3o da Cruz Vermelha ou Crescente Vermelho, pedir um conselho, antes de agir, \u00e0 sua Sociedade Nacional.<\/li>\n<\/ul>\n<ul>\n<li>Reconhecer e respeitar os direitos consignados nos Estatutos e Regulamentos da Institui\u00e7\u00e3o.<\/li>\n<\/ul>\n<ul>\n<li>Desempenhar as miss\u00f5es sem qualquer discrimina\u00e7\u00e3o quanto \u00e0 nacionalidade, ra\u00e7a, sexo, opini\u00f5es pol\u00edticas ou cren\u00e7as religiosas.<\/li>\n<\/ul>\n<ul>\n<li>Respeitar as regras relativas ao uso do emblema e impedir o seu abuso.<\/li>\n<\/ul>\n<ul>\n<li>Preparar-se para as actividades e fun\u00e7\u00f5es que lhe s\u00e3o confiadas.<\/li>\n<\/ul>\n<ul>\n<li>Empenhar-se em oferecer um servi\u00e7o da melhor qualidade poss\u00edvel.<\/li>\n<\/ul>\n<ul>\n<li>Respeitar a dignidade individual.<\/li>\n<\/ul>\n<ul>\n<li>Respeitar o desejo de discri\u00e7\u00e3o daqueles a quem presta apoio.<\/li>\n<\/ul>\n<ul>\n<li>Promover a compreens\u00e3o m\u00fatua.<\/li>\n<\/ul>\n<ul>\n<li>Responder \u00e0s necessidades de outrem com humanidade e empatia.<\/li>\n<\/ul>\n<ul>\n<li>Promover um bom funcionamento em equipa.<\/li>\n<\/ul>\n<ul>\n<li>Ser capaz de transmitir a informa\u00e7\u00e3o recebida ou o conhecimento adquirido, e avaliar o trabalho desenvolvido.<\/li>\n<\/ul>\n<ul>\n<li>Participar activamente na Institui\u00e7\u00e3o conforme estipulado nos seus Estatutos e Regulamentos.<\/li>\n<\/ul>\n<p>&nbsp;<\/td>\n<\/tr>\n<\/tbody>\n<\/table>\n<p>&nbsp;<\/p>\n","protected":false},"excerpt":{"rendered":"<p>Direitos Ser \u00a0informado sobre os Princ\u00edpios Fundamentais da Cruz Vermelha, o C\u00f3digo de \u00c9tica, a filosofia do Voluntariado Cruz Vermelha\/Crescente Vermelho. Conhecer os objectivos, estrutura e funcionamento da Institui\u00e7\u00e3o. Receber informa\u00e7\u00e3o sobre os objectivos, dura\u00e7\u00e3o e lugar da actividade que vai realizar. Receber forma\u00e7\u00e3o inicial e cont\u00ednua. Aceder a uma tarefa espec\u00edfica e bem definida. [&hellip;]<\/p>\n","protected":false},"author":1,"featured_media":0,"parent":0,"menu_order":0,"comment_status":"closed","ping_status":"closed","template":"","meta":[],"_links":{"self":[{"href":"https:\/\/web.ipca.pt\/cvbarcelos\/wp-json\/wp\/v2\/pages\/35"}],"collection":[{"href":"https:\/\/web.ipca.pt\/cvbarcelos\/wp-json\/wp\/v2\/pages"}],"about":[{"href":"https:\/\/web.ipca.pt\/cvbarcelos\/wp-json\/wp\/v2\/types\/page"}],"author":[{"embeddable":true,"href":"https:\/\/web.ipca.pt\/cvbarcelos\/wp-json\/wp\/v2\/users\/1"}],"replies":[{"embeddable":true,"href":"https:\/\/web.ipca.pt\/cvbarcelos\/wp-json\/wp\/v2\/comments?post=35"}],"version-history":[{"count":6,"href":"https:\/\/web.ipca.pt\/cvbarcelos\/wp-json\/wp\/v2\/pages\/35\/revisions"}],"predecessor-version":[{"id":7811,"href":"https:\/\/web.ipca.pt\/cvbarcelos\/wp-json\/wp\/v2\/pages\/35\/revisions\/7811"}],"wp:attachment":[{"href":"https:\/\/web.ipca.pt\/cvbarcelos\/wp-json\/wp\/v2\/media?parent=35"}],"curies":[{"name":"wp","href":"https:\/\/api.w.org\/{rel}","templated":true}]}}